5*m, c - 19 = 3*m. Let i = m + 9. Suppose 0 = -z + i + 4. List the prime factors of z.
7
Let v(u) = 9*u + 11*u**2 - 11*u**2 + 8 + 2*u**2. List the prime factors of v(-6).
2, 13
Suppose -2*q = -q + 15. Let a = q + 31. List the prime factors of a.
2
Suppose -p - 6*p + 1071 = 0. List the prime factors of p.
3, 17
Let t(a) be the third derivative of -7*a**4/24 - a**3/2 + 2*a**2. Let m be t(-2). Suppose 2*j - m = 11. List the prime factors of j.
11
Let z(h) be the first derivative of 2*h**2 - 3*h - 2. Let d = 24 - 20. List the prime factors of z(d).
13
Let r(c) = -c**3 - 10*c**2 + 9*c + 8. What are the prime factors of r(-11)?
2, 3, 5
Suppose 83 - 11 = 2*b + 3*l, 5*b = l + 197. Let o be 2/5 + b/15. Let r(v) = v + 3. What are the prime factors of r(o)?
2, 3
Let t(f) = 2*f**2 + 5*f - 1. Let q be t(-4). Let k = 20 - q. What are the prime factors of k?
3
Let r be 4/8 - 10/4. Let b = 7 + r. List the prime factors of b.
5
Let r(c) = c + 6. Let y be r(0). Suppose -y - 10 = -p. Suppose -2*b + p = 2*b. List the prime factors of b.
2
List the prime factors of 4/(-6 + (-960)/(-159)).
2, 53
Let p(m) = 8*m - 1. What are the prime factors of p(4)?
31
Let h(v) = 2*v - 2. Let z be h(5). List the prime factors of (-1)/4 - (-98)/z.
2, 3
Let d = -1 - -3. Let j = 3 + d. List the prime factors of j.
5
Let q = 143 + -56. What are the prime factors of q?
3, 29
Suppose 8*j - 2144 = -680. List the prime factors of j.
3, 61
Let h = -2 + 7. Let p(i) = h*i + 13*i**3 - 12*i**3 - 5*i - 5*i + 4 - 2*i**2. What are the prime factors of p(4)?
2
Suppose -t = -0*t + 1. Let u(w) = -9*w**3 - 2*w - 1. What are the prime factors of u(t)?
2, 5
List the prime factors of 2/4 - 94/(-4).
2, 3
Suppose 3*d + d + 5*c - 48 = 0, 0 = 4*d + c - 32. Suppose -d*w + 40 = -2*w. What are the prime factors of w?
2
Let h(z) = -3*z**2 + 5*z - 9. Let w(m) = -m**2 + 2*m - 3. Let n(g) = -3*h(g) + 8*w(g). List the prime factors of n(-7).
3, 5
Let l(b) = 17*b**2 - 2*b - 1. List the prime factors of l(3).
2, 73
Suppose 4*n - 5*c = 8, -3*n + 4 = -c - 2. Let h be n/(2/(-48)*-3). Suppose 0 = -r - 5*s + h, 1 = 5*r - 3*s - 23. What are the prime factors of r?
2, 3
Let y = 4 - 3. Suppose -y = k - 12. List the prime factors of k.
11
Let b be 1 - (3 - 1*-35). Let c = -4 - b. What are the prime factors of c?
3, 11
Let g(r) = 5*r**2 - 13*r + 23. Let s(q) = -q**2 + 3*q - 6. Let u(j) = -2*g(j) - 9*s(j). List the prime factors of u(0).
2
Let q = -6 - -7. Let l = 8 - q. Suppose -14 - l = -2*o + d, -4*o + 5*d + 51 = 0. What are the prime factors of o?
3
What are the prime factors of (1/((-3)/102))/(-1)?
2, 17
Suppose -2*z + 628 = 3*q, -z - 1192 + 141 = -5*q. List the prime factors of q.
2, 3, 5, 7
Suppose 0 = -4*d + i + 465, 2*d + 2*d - 455 = -i. What are the prime factors of d?
5, 23
Let v = -5 + 37. Suppose -y + 2*y = 4*c - 38, -y = 3*c - v. Suppose c = -3*f + 5*f. List the prime factors of f.
5
Suppose 0 = -4*x + 88 + 220. List the prime factors of x.
7, 11
Let i be 3 - ((-3)/(-1) - -28). Let b be 33/7 - 8/i. List the prime factors of b - -3 - (-1 + 2).
7
Suppose -5*r + 3*g + 1 = 0, 0 = -2*r - 3*g + 1 + 12. Suppose -r*o - 16 = -3*o. What are the prime factors of o?
2
Let x be (4/(-8))/((-2)/(-96)). What are the prime factors of (-1 - (-1)/2)*x?
2, 3
Suppose 3*p + p - 128 = -4*m, 3*m - 111 = 2*p. List the prime factors of m.
5, 7
Let b be -5*4/((-40)/18). Suppose -4*t - 70 = -b*t. List the prime factors of t.
2, 7
Let v(k) = k**2 - 2*k. Let p be v(6). List the prime factors of 7/2*p/14.
2, 3
Let f(w) = -2*w**3 + 2*w**2 + 3*w. Let i be f(-2). Let u = 2 + i. List the prime factors of u.
2, 5
Suppose 0 = -4*v - v + 95. List the prime factors of v.
19
Let v = -32 - -61. List the prime factors of v.
29
Let m(s) = s**3 - s**2 - s + 49. What are the prime factors of m(0)?
7
Suppose 5*j - 2*j = 21. Suppose -2*r - 445 = -j*r. Suppose -4*t = 9 - r. What are the prime factors of t?
2, 5
Let y(u) be the first derivative of -u**3/3 - 9*u**2/2 + 4*u + 2. Let x = -22 - -14. What are the prime factors of y(x)?
2, 3
Let j(s) = -14*s - 9. What are the prime factors of j(-8)?
103
Let b = 37 + -60. Let y = b + 48. List the prime factors of y.
5
Suppose -3*c + 745 + 63 = -2*w, 0 = -2*c + 5*w + 535. What are the prime factors of c?
2, 3, 5
Suppose -160 = 4*j - 9*j. List the prime factors of j.
2
Suppose y = 2*y - 3. List the prime factors of y.
3
Suppose 4*s - 94 = 30. What are the prime factors of s?
31
Suppose -u + 5 = -2. Suppose u*v + 43 = 8*v. List the prime factors of v.
43
List the prime factors of (3 + 0)*(-17)/(-1).
3, 17
Let k = 4 + -8. Let u(s) = 2*s**2 + s + 7. List the prime factors of u(k).
5, 7
Suppose -15*b = -6*b - 2007. What are the prime factors of b?
223
Suppose -s = -9 + 7. Let p be (-2)/(-3)*30/4. Suppose p*k - 53 = b + 26, -s*k + 37 = 5*b. What are the prime factors of k?
2
Let p(f) = 7*f - 7. Suppose -12 + 37 = 5*o. List the prime factors of p(o).
2, 7
Suppose -l - 3*l + 684 = c, 2*c = 0. What are the prime factors of l?
3, 19
Suppose -t = -3*t - 2. What are the prime factors of (26/2*t)/(-1)?
13
Let u = -9 - -17. Suppose n = -3 + u. Suppose 3*i = n*i - 28. What are the prime factors of i?
2, 7
Let h be (3 - 6) + 10 + -2. Suppose h*w + 10 = 0, -4*g = w - 46 - 8. What are the prime factors of g?
2, 7
Suppose f - 4*x - 78 + 12 = 0, -f + 36 = 2*x. List the prime factors of f.
2, 23
Let b(m) be the first derivative of -m**3/3 + 4*m**2 + 3*m + 3. List the prime factors of b(4).
19
Let n = -41 - -64. Suppose 5*t - 51 = 4*p, 0 = -5*p + 3*p - 4*t - 32. Let u = n + p. What are the prime factors of u?
3
Suppose 4*d - o = 4*o - 2, 3*d = 3*o. Suppose 0 = 3*w - d*w - 4. Suppose w*m - 19 = 3*m. What are the prime factors of m?
19
List the prime factors of ((-20)/(-30))/((-1)/(-18)).
2, 3
Let m(q) be the first derivative of q**4/4 + 2*q**3 + 2*q**2 + 3*q - 1. List the prime factors of m(-5).
2
Let v(z) = -z + 1 + 6 + 6. What are the prime factors of v(6)?
7
List the prime factors of 976/18 + 4/(-18).
2, 3
Let w be -1 + (3/(-3) - 1). Suppose 12 = 4*p + 3*q - 6, 3*p - 11 = -q. List the prime factors of 1/(p/(-2))*w.
2
Let g(f) = 6*f**2 - 4*f**3 + 2*f**3 - 3*f + f**3. Suppose 0 = 4*u - 1 - 19. List the prime factors of g(u).
2, 5
Let n(c) = c + 11. Let l be n(-9). Suppose -5 = -l*s + 7. List the prime factors of s.
2, 3
Let g = 3 - 2. Suppose -g = -j + 5. What are the prime factors of j?
2, 3
Let t(i) = i**3 + 10*i**2 + 2*i + 10. Let x be t(-10). Let u be 26/(-4) - (-2)/(-4). Let v = u - x. List the prime factors of v.
3
Let m(z) be the second derivative of -z**3 - z. What are the prime factors of m(-3)?
2, 3
Let n = -74 + 111. What are the prime factors of n?
37
Let p = -6 - -1. List the prime factors of (-87)/p + (-2)/5.
17
Let n(g) = -6*g**2 - 3*g**2 + g + 0*g + g**3 + 4*g**2 - 1. Let b be n(5). Suppose -5*r - 3*s + 71 = 0, -s = -b*r + 15 + 35. What are the prime factors of r?
13
Suppose -t + 1 + 2 = 0. Suppose -2*v = 2*l - 34, l - t*v - 17 = 20. List the prime factors of l.
2, 11
Let b be 38/4 - (-15)/10. Suppose 2*q - b = 29. List the prime factors of q.
2, 5
Let w(i) = -3*i + 2*i**3 - 2 - 2*i**2 + 0*i**3 + 0*i. Let b be w(-2). Let g = b + 30. List the prime factors of g.
2, 5
Let o(n) be the second derivative of -3/2*n**2 - 7/6*n**3 + 0 - 1/12*n**4 + 2*n. List the prime factors of o(-5).
7
Suppose 3*u - 2 = 10. Let b(x) = x**3 - 6*x**2 + 3*x - 9. Let a be b(6). Let o = a - u. List the prime factors of o.
5
Let j be 6 + 2 + -1 + -1. Let w be 4/j*3 + 1. What are the prime factors of (-8)/(-8) + -1 + w?
3
Let s(d) = d**2 + 4*d - 1. Let c be s(-4). Let o = c + 5. Let h = o + 0. List the prime factors of h.
2
What are the prime factors of 36 - 2/(1 + 1)?
5, 7
Suppose p = 4*p. Suppose 5*t - 5*j - 60 = p, -5*j + 2*j + 6 = 0. List the prime factors of t.
2, 7
Let t = 4 + -2. Suppose -t*l = 5*b - 350, 5*l - 78 = 3*b - 257. Let c = -48 + b. List the prime factors of c.
2, 5
Let v(p) = -2*p**3 - 4*p**2 - p + 1. List the prime factors of v(-3).
2, 11
Let k(b) = b + 7. Let p be (-25)/2 - (-3)/(-6). Let w = p + 9. What are the prime factors of k(w)?
3
Let h be (-4)/(-6)*(9 - 6). Suppose 0 = 4*u - h*u - 14. List the prime factors of u.
7
Suppose 32 + 18 = -5*k. Suppose -3*y - 4 = 2. Let h = y - k. List the prime factors of h.
2
Let n = -61 - -23